{"id":1115,"date":"2017-03-27T07:46:52","date_gmt":"2017-03-27T06:46:52","guid":{"rendered":"http:\/\/www.fkasyl.de\/?page_id=1115"},"modified":"2022-12-10T10:45:58","modified_gmt":"2022-12-10T09:45:58","slug":"schulkinder","status":"publish","type":"page","link":"https:\/\/www.fkasyl.de\/?page_id=1115","title":{"rendered":"Begleitung von Kindern"},"content":{"rendered":"\n<p class=\"has-large-font-size\"><strong>Hausaufgabenbetreuung<\/strong><b> &#8211; Schule<\/b><\/p>\n\n\n\n<p>Der FKAG h\u00e4lt Kontakt mit den Schulen und Schulsozialarbeiter*innen.<\/p>\n\n\n\n<p><strong>Regul\u00e4re Hausaufgabenhilfe<\/strong> wird an den entsprechenden Schulen f\u00fcr einen kleinen Beitrag angeboten.<\/p>\n\n\n\n<p><strong>Nachhilfe<\/strong> <strong>wird aber immer f\u00fcr einzelne Kinder gesucht!<\/strong> Wenn Sie diese wichtige Aufgabe interessiert, wenden Sie sich bitte an<strong><a href=\"mailto:info@fkasyl.de\"> info@fkasyl.de<\/a><\/strong><\/p>\n\n\n\n<p class=\"has-large-font-size\"><strong>Ausfl\u00fcge, Projekte und Aktionen, Sport<\/strong><\/p>\n\n\n\n<p>Der FKAG unternimmt <a href=\"https:\/\/www.fkasyl.de\/?page_id=1902\"><strong>Ausfl\u00fcge<\/strong><\/a> speziell mit Kindern, aber auch mit Familien. Er organisiert <strong><a href=\"https:\/\/www.fkasyl.de\/?page_id=4530\">Schwimmkurse<\/a>,<\/strong> kann Kontakt mit Sportvereinen herstellen und bietet Projekttage im Sommer an mit Sport und anderen Vergn\u00fcgungen! <\/p>\n","protected":false},"excerpt":{"rendered":"<p>Hausaufgabenbetreuung &#8211; Schule Der FKAG h\u00e4lt Kontakt mit den Schulen und Schulsozialarbeiter*innen. Regul\u00e4re Hausaufgabenhilfe wird an den entsprechenden Schulen f\u00fcr [&hellip;]<\/p>\n","protected":false},"author":7,"featured_media":0,"parent":57,"menu_order":0,"comment_status":"closed","ping_status":"closed","template":"","meta":{"ngg_post_thumbnail":0,"footnotes":""},"class_list":["post-1115","page","type-page","status-publish","hentry"],"_links":{"self":[{"href":"https:\/\/www.fkasyl.de\/index.php?rest_route=\/wp\/v2\/pages\/1115","targetHints":{"allow":["GET"]}}],"collection":[{"href":"https:\/\/www.fkasyl.de\/index.php?rest_route=\/wp\/v2\/pages"}],"about":[{"href":"https:\/\/www.fkasyl.de\/index.php?rest_route=\/wp\/v2\/types\/page"}],"author":[{"embeddable":true,"href":"https:\/\/www.fkasyl.de\/index.php?rest_route=\/wp\/v2\/users\/7"}],"replies":[{"embeddable":true,"href":"https:\/\/www.fkasyl.de\/index.php?rest_route=%2Fwp%2Fv2%2Fcomments&post=1115"}],"version-history":[{"count":15,"href":"https:\/\/www.fkasyl.de\/index.php?rest_route=\/wp\/v2\/pages\/1115\/revisions"}],"predecessor-version":[{"id":4538,"href":"https:\/\/www.fkasyl.de\/index.php?rest_route=\/wp\/v2\/pages\/1115\/revisions\/4538"}],"up":[{"embeddable":true,"href":"https:\/\/www.fkasyl.de\/index.php?rest_route=\/wp\/v2\/pages\/57"}],"wp:attachment":[{"href":"https:\/\/www.fkasyl.de\/index.php?rest_route=%2Fwp%2Fv2%2Fmedia&parent=1115"}],"curies":[{"name":"wp","href":"https:\/\/api.w.org\/{rel}","templated":true}]}}