{"id":1902,"date":"2017-12-06T17:32:23","date_gmt":"2017-12-06T16:32:23","guid":{"rendered":"http:\/\/www.fkasyl.de\/?page_id=1902"},"modified":"2023-11-15T14:12:30","modified_gmt":"2023-11-15T13:12:30","slug":"ausfluege-tipps-fuer-unternehmungen","status":"publish","type":"page","link":"https:\/\/www.fkasyl.de\/?page_id=1902","title":{"rendered":"Begegnung und Ausfl\u00fcge"},"content":{"rendered":"\n<h4 class=\"wp-block-heading\"><strong>Begegnungsm\u00f6glichkeiten, Aktionen<\/strong><\/h4>\n\n\n\n<p><strong>M\u00f6glichkeiten,<\/strong> <strong>sich in Gerlingen zu treffen und untereinander und mit Gerlinger*innen auszutauschen:<\/strong><\/p>\n\n\n\n<p><strong><a href=\"https:\/\/die-mitmachzentrale.de\">Die Mitmachzentrale im Hirsch<\/a> <\/strong> bietet wieder viele neue M\u00f6glichkeiten, z. B. freitags die <strong>Machbar<\/strong> und mittwochs das <strong>Begegnungscafe f\u00fcr Gefl\u00fcchtete und Gerlinger*innen<\/strong><\/p>\n\n\n\n<p><strong>Deutsch-Treff f\u00fcr ukrainische gefl\u00fcchtete Kinder ab 6 Jahren <\/strong>Mo, 16.30 \u2013 18.00 Uhr; ab 26.09.22, <a href=\"https:\/\/familienzentrum.gerlingen.de\"><strong>Familienzentrum im Gehenb\u00fchl<\/strong><\/a>; Mehrzweckraum Erdgeschoss.<\/p>\n\n\n\n<p>Der \u201eDeutsch-Treff\u201c ist ein offenes, kostenfreies Angebot f\u00fcr ukrainische Kinder und Jugendliche ab 6 Jahren. Am Montagnachmittag wollen wir mit Musik und Liedern, Spielen und Bewegung auf spielerische Weise gemeinsam Deutsch lernen. Viele sch\u00f6ne Geschichten \u00fcber Tiere, Geburtstag oder Freunde sorgen f\u00fcr Lernfreude. Kommt einfach vorbei! Michaela Mares-M\u00fcller&nbsp;&nbsp;&nbsp; Infos unter: 222-05658<\/p>\n\n\n\n<p><a href=\"https:\/\/www.cafe-konfus.de\/\"><strong>Caf\u00e9 Konfus<\/strong><\/a>: Begegnungsort f\u00fcr Jugendliche, Donnerstag und Sonntag, 19.00 \u2013 23.30 Uhr.<\/p>\n\n\n\n<p><strong><a href=\"https:\/\/www.gerlingen.de\/Buerger-Treff\">B\u00fcrger-Treff:<\/a><\/strong>  Viele verschiedene Angebote von Wandern bis Philosophie<\/p>\n\n\n\n<p><a href=\"https:\/\/www.gerlingen.de\/start\"><strong>Angebote von <\/strong><\/a><strong><a href=\"https:\/\/www.gerlingen.de\/start\">KIrchen, Vereinen, und viele andere Tipps auf der Website von Gerlingen<\/a><\/strong>   &#8222;Freizeit und Engagement&#8220; und &#8222;Kultur&#8220;<\/p>\n","protected":false},"excerpt":{"rendered":"<p>Begegnungsm\u00f6glichkeiten, Aktionen M\u00f6glichkeiten, sich in Gerlingen zu treffen und untereinander und mit Gerlinger*innen auszutauschen: Die Mitmachzentrale im Hirsch bietet wieder [&hellip;]<\/p>\n","protected":false},"author":16,"featured_media":0,"parent":0,"menu_order":0,"comment_status":"closed","ping_status":"closed","template":"page-fullwidth","meta":{"ngg_post_thumbnail":0,"footnotes":""},"class_list":["post-1902","page","type-page","status-publish","hentry"],"_links":{"self":[{"href":"https:\/\/www.fkasyl.de\/index.php?rest_route=\/wp\/v2\/pages\/1902","targetHints":{"allow":["GET"]}}],"collection":[{"href":"https:\/\/www.fkasyl.de\/index.php?rest_route=\/wp\/v2\/pages"}],"about":[{"href":"https:\/\/www.fkasyl.de\/index.php?rest_route=\/wp\/v2\/types\/page"}],"author":[{"embeddable":true,"href":"https:\/\/www.fkasyl.de\/index.php?rest_route=\/wp\/v2\/users\/16"}],"replies":[{"embeddable":true,"href":"https:\/\/www.fkasyl.de\/index.php?rest_route=%2Fwp%2Fv2%2Fcomments&post=1902"}],"version-history":[{"count":24,"href":"https:\/\/www.fkasyl.de\/index.php?rest_route=\/wp\/v2\/pages\/1902\/revisions"}],"predecessor-version":[{"id":4685,"href":"https:\/\/www.fkasyl.de\/index.php?rest_route=\/wp\/v2\/pages\/1902\/revisions\/4685"}],"wp:attachment":[{"href":"https:\/\/www.fkasyl.de\/index.php?rest_route=%2Fwp%2Fv2%2Fmedia&parent=1902"}],"curies":[{"name":"wp","href":"https:\/\/api.w.org\/{rel}","templated":true}]}}