{"id":3613,"date":"2021-09-24T19:33:06","date_gmt":"2021-09-24T17:33:06","guid":{"rendered":"https:\/\/www.fkasyl.de\/?page_id=3613"},"modified":"2022-11-27T20:16:11","modified_gmt":"2022-11-27T19:16:11","slug":"rettungskette-gerlingen","status":"publish","type":"page","link":"https:\/\/www.fkasyl.de\/?page_id=3613","title":{"rendered":"Rettungskette (Gerlingen)"},"content":{"rendered":"<h5><img loading=\"lazy\" decoding=\"async\" class=\"alignleft\" src=\"https:\/\/www.fkasyl.de\/wp-content\/uploads\/2021\/08\/rettungskette21_logo_jpg_rgb_5.jpg\" width=\"115\" height=\"109\"><\/h5>\n<p><strong><u>\u201eRettungskette f\u00fcr Menschenrechte\u201c von der Nordsee zum Mittelmeer am 18.09.21<\/u><\/strong><\/p>\n<p><strong>Veranstalter der Aktion in Gerlingen:&nbsp; Freundeskreis Asyl und Arbeitskreis Interkulturelle Vielfalt AKIV Gerlingen<\/strong><\/p>\n<p><a class=\"ngg-simplelightbox\" title=\" \" href=\"https:\/\/www.fkasyl.de\/wp-content\/gallery\/rettungskette\/Collage_GAZ5.jpeg\" rel=\"\" data-image-id=\"22\" data-src=\"https:\/\/www.fkasyl.de\/wp-content\/gallery\/rettungskette\/Collage_GAZ5.jpeg\" data-thumbnail=\"https:\/\/www.fkasyl.de\/wp-content\/gallery\/rettungskette\/thumbs\/thumbs_Collage_GAZ5.jpeg\" data-title=\"Collage_GAZ5\" data-description=\" \"><img loading=\"lazy\" decoding=\"async\" class=\"ngg-singlepic ngg-none alignleft\" src=\"https:\/\/www.fkasyl.de\/wp-content\/gallery\/rettungskette\/thumbs\/thumbs_Collage_GAZ5.jpeg\" alt=\"Collage_GAZ5\" width=\"138\" height=\"92\"><\/a> <strong>Bitte das Bild anklicken, es ist eine Collage! Weitere Bildergalerie unter dem Artikel!<\/strong><\/p>\n<p>Rund 200 Menschen beteiligten sich in Gerlingen an der Rettungskette f\u00fcr Menschenrechte. Ein breites zivilgesellschaftliches B\u00fcndnis, bestehend aus Menschenrechtsorganisationen, Vereinen, Asylkreisen, Kirchen und Parteien aus dem Landkreis Ludwigsburg sowie vielen engagierten Privatpersonen, waren dem Aufruf des Freundeskreis\u2018 Asyl und dem Arbeitskreis Interkulturelle Vielfalt gefolgt. Zwischen 12.00 Uhr und 12.30, genau zur selben Zeit wie an zahlreichen Orten auf einer Route zwischen Hamburg und Chioggia in Italien, stellten sich in Gerlingen etwa 200 Menschen entlang des Innenstadtrings auf und demonstrierten f\u00fcr die Einhaltung von Menschenrechten im Kontext von Flucht und Seenotrettung. Das SWR-Fernsehen berichtete \u00fcber die Aktion am Ort in der Landesschau: <strong><a href=\"https:\/\/swr-aktuell-app.swr.de\/news\/133454\/Rettungsringe+fr+Menschenrechte+auch+in+BW\/20210918190900\">https:\/\/swr-aktuell-app.swr.de\/news\/133454\/Rettungsringe+fr+Menschenrechte+auch+in+BW\/20210918190900<\/a> <\/strong><\/p>\n<p>Mit einer Kundgebung, Plakaten und Transparenten positionierten sich die Teilnehmerinnen und Teilnehmer gegen die Abschottungspolitik an den europ\u00e4ischen Au\u00dfengrenzen und f\u00fcr die Rettung von Fl\u00fcchtlingen in Seenot. In ihrer Ansprache wies Claudia Volz vom Freundeskreis Asyl darauf hin, dass das Mittelmeer die t\u00f6dlichste Grenze der Welt sei. Mindestens 22.200 Gefl\u00fcchtete seien von 2014 bis heute auf der Flucht \u00fcbers Mittelmeer ertrunken \u2013 allein von Januar bis zum 22. August 2021 mindestens 1.214 Menschen. Dies passe ebenso wenig zu den humanistischen Werten Europas wie die EU-finanzierten Fl\u00fcchtlingslager vom Typ Moria auf Lesbos, illegale Pushbacks durch Frontex-Soldaten, Gef\u00e4ngnisse f\u00fcr abgefangene Fl\u00fcchtlinge in Libyen und die Kriminalisierung von Seenotrettern. Daher gelte es, die politisch Verantwortlichen immer wieder daran zu erinnern, dass Menschenrechte universell und nicht relativierbar seien. Diese g\u00e4lten gerade auch f\u00fcr Menschen in Not g\u00e4lten, die vor Krieg, Elend und Verfolgung auf der Flucht sind.<\/p>\n<p>Laut den Organisatoren der Gesamtkette, nahmen in Deutschland, \u00d6sterreich und Italien rund 15500 Menschen teil \u2013 ein starkes Zeichen f\u00fcr die Menschenrechte!<\/p>\n<p><strong>Herzlichen Dank allen, die sich an der Aktion beteiligt haben!<\/strong><\/p>\nngg_shortcode_0_placeholder\n","protected":false},"excerpt":{"rendered":"<p>\u201eRettungskette f\u00fcr Menschenrechte\u201c von der Nordsee zum Mittelmeer am 18.09.21 Veranstalter der Aktion in Gerlingen:&nbsp; Freundeskreis Asyl und Arbeitskreis Interkulturelle [&hellip;]<\/p>\n","protected":false},"author":16,"featured_media":0,"parent":0,"menu_order":0,"comment_status":"closed","ping_status":"closed","template":"","meta":{"ngg_post_thumbnail":0,"footnotes":""},"class_list":["post-3613","page","type-page","status-publish","hentry"],"_links":{"self":[{"href":"https:\/\/www.fkasyl.de\/index.php?rest_route=\/wp\/v2\/pages\/3613","targetHints":{"allow":["GET"]}}],"collection":[{"href":"https:\/\/www.fkasyl.de\/index.php?rest_route=\/wp\/v2\/pages"}],"about":[{"href":"https:\/\/www.fkasyl.de\/index.php?rest_route=\/wp\/v2\/types\/page"}],"author":[{"embeddable":true,"href":"https:\/\/www.fkasyl.de\/index.php?rest_route=\/wp\/v2\/users\/16"}],"replies":[{"embeddable":true,"href":"https:\/\/www.fkasyl.de\/index.php?rest_route=%2Fwp%2Fv2%2Fcomments&post=3613"}],"version-history":[{"count":12,"href":"https:\/\/www.fkasyl.de\/index.php?rest_route=\/wp\/v2\/pages\/3613\/revisions"}],"predecessor-version":[{"id":4454,"href":"https:\/\/www.fkasyl.de\/index.php?rest_route=\/wp\/v2\/pages\/3613\/revisions\/4454"}],"wp:attachment":[{"href":"https:\/\/www.fkasyl.de\/index.php?rest_route=%2Fwp%2Fv2%2Fmedia&parent=3613"}],"curies":[{"name":"wp","href":"https:\/\/api.w.org\/{rel}","templated":true}]}}