{"id":4337,"date":"2022-11-22T08:37:49","date_gmt":"2022-11-22T07:37:49","guid":{"rendered":"https:\/\/www.fkasyl.de\/?page_id=4337"},"modified":"2024-03-06T14:59:22","modified_gmt":"2024-03-06T13:59:22","slug":"spendenkonto","status":"publish","type":"page","link":"https:\/\/www.fkasyl.de\/?page_id=4337","title":{"rendered":"Spendenkonto &#8211; Rechnungen"},"content":{"rendered":"\n<p><strong>Wir nehmen gerne Ihre Spenden entgegen, um weiterhin helfen zu k\u00f6nnen und das Leben der Fl\u00fcchtlinge zu erleichtern und bedanken uns recht herzlich f\u00fcr Ihre Hilfe!<\/strong> <\/p>\n\n\n\n<p><strong>Weitere Infos und Formulare finden sie unter: <a href=\"https:\/\/www.fkasyl.de\/?page_id=1707\">Finanzen &#8211; Infos &#8211; Formulare<\/a><\/strong><\/p>\n\n\n\n<p><strong>Wichtige gesetzliche Vorgaben:<\/strong> Spenden d\u00fcrfen nicht zur\u00fcck\u00fcberwiesen werden, wenn Sie sich z.B. in der H\u00f6he geirrt haben, bitte genau pr\u00fcfen! Zweckgebundene Spenden d\u00fcrfen nur f\u00fcr den angegebenen Zweck eingesetzt werden und der Betrag darf die Rechnung nicht \u00fcberschreiten (s.u.) .<\/p>\n\n\n\n<h4 class=\"wp-block-heading\">Nicht zweckgebundene Spenden<\/h4>\n\n\n\n<p>Diese k\u00f6nnen unseren Zielen und Vorgaben<strong> <\/strong>(siehe <a href=\"https:\/\/www.fkasyl.de\/?page_id=51\"><strong>Der FKAG<\/strong><\/a>) entsprechend f\u00fcr alle Ausgaben verwendet werden, die die Steuerungsgruppe beschlie\u00dft. Der FKAG finanziert haupts\u00e4chlich Deutschkurse und Fahrten zum Kurs, Auslagen f\u00fcr B\u00fccher und z.B Bastelmaterial bei Aktionen, die der Integration dienen, auch z.B. Besuche von Zoo oder Theater f\u00fcr Familien. Aus finanziellen Gr\u00fcnden k\u00f6nnen wir Anderes nur in ganz speziellen H\u00e4rtef\u00e4llen \u00fcbernehmen. Wenden Sie sich in solchen F\u00e4llen an die Steuerungsgruppe <a href=\"mailto:info@fkasyl.de\"><strong>info@fkasyl.de<\/strong><\/a>.<\/p>\n\n\n\n<h4 class=\"wp-block-heading\">Zweckgebundene Spenden<\/h4>\n\n\n\n<p>Wenden Sie sich bitte an die Steuerungsgruppe, wenn Sie spezielle Ausgaben \u00fcbernehmen m\u00f6chten. Ist das m\u00f6glich, so \u00fcberweisen Sie am besten die Spende, wenn Sie den Betrag der Rechnung genau wissen (s.o. &#8222;Wichtige Vorgaben&#8220;).  Der Zweck und der Name des \/ der entsprechenden Gefl\u00fcchteten muss genau angegeben werden, z.B.  Kinderbett f\u00fcr Familie M\u00fcller. Infos zur Rechnung s.u.<\/p>\n\n\n\n<h4 class=\"wp-block-heading\">Kontodaten<\/h4>\n\n\n\n<p>Da wir kein eigener Verein sind, wird unser Konto von dem &#8222;Verband der Evang. Kirchenbezirke&#8220; gef\u00fchrt. Deshalb geben Sie bitte diese Kontodaten an: <\/p>\n\n\n\n<p>Kontoinhaber: &nbsp;&nbsp;&nbsp;&nbsp;&nbsp;&nbsp;&nbsp;&nbsp;&nbsp;&nbsp;&nbsp;&nbsp;&nbsp;&nbsp;&nbsp;&nbsp;Verband der Evang. Kirchenbezirke Landkreis Ludwigsburg, FKAG<br>IBAN: &nbsp;&nbsp;&nbsp;&nbsp;&nbsp;&nbsp;&nbsp;&nbsp;&nbsp;&nbsp;&nbsp;&nbsp;&nbsp;&nbsp;&nbsp;&nbsp;&nbsp;&nbsp;&nbsp;&nbsp;&nbsp;&nbsp;&nbsp;&nbsp;&nbsp;&nbsp;&nbsp;&nbsp;&nbsp;&nbsp;&nbsp;&nbsp;&nbsp;&nbsp; DE62 6045 0050 0000 0260 91<br>BIC: &nbsp;&nbsp;&nbsp;&nbsp;&nbsp;&nbsp;&nbsp;&nbsp;&nbsp;&nbsp;&nbsp;&nbsp;&nbsp;&nbsp;&nbsp;&nbsp;&nbsp;&nbsp;&nbsp;&nbsp;&nbsp;&nbsp;&nbsp;&nbsp;&nbsp;&nbsp;&nbsp;&nbsp;&nbsp;&nbsp;&nbsp;&nbsp;&nbsp;&nbsp;&nbsp;&nbsp;&nbsp; SOLADES1LBG<br>Bank: &nbsp;&nbsp;&nbsp;&nbsp;&nbsp;&nbsp;&nbsp;&nbsp;&nbsp;&nbsp;&nbsp;&nbsp;&nbsp;&nbsp;&nbsp;&nbsp;&nbsp;&nbsp;&nbsp;&nbsp;&nbsp;&nbsp;&nbsp;&nbsp;&nbsp;&nbsp;&nbsp;&nbsp;&nbsp;&nbsp;&nbsp;&nbsp;&nbsp;&nbsp; Kreissparkasse Ludwigsburg (KSK-LB)<\/p>\n\n\n\n<p class=\"has-black-color has-text-color\"><strong>Wichtig: <\/strong>Vermerken Sie &#8222;Spende&#8220; und geben Sie Ihre Postadresse an, wenn Sie eine Spendenbescheinigung bekommen m\u00f6chten<strong>.<\/strong> Diese werden ab dem Betrag von \u20ac 200 ausgestellt (gesetzlich vorgeschrieben: ab \u20ac 300).<\/p>\n\n\n\n<h4 class=\"wp-block-heading\">Rechnungsadresse &#8211; was auf Rechnungen vermerkt sein muss<\/h4>\n\n\n\n<p>Nach R\u00fccksprache mit der Steuerungsgruppe k\u00f6nnen Rechnungen f\u00fcr z.B. Unterrichtsmaterial, Basteln usw. eingereicht werden. Die Rechnungsadresse ist: <strong>Verband der Evang. Kirchenbezirke Landkreis Ludwigsburg, FKAG,  Frau Stuetzel-Kaun, Lontelstr. 55, 70839 Gerlingen.<\/strong> Bitte geben Sie das dem Aussteller der Rechnung an, au\u00dferdem den Namen des \/ der Gefl\u00fcchteten,  z.B.  Kinderbett f\u00fcr Familie M\u00fcller oder Theaterbesuch einer Kindergruppe. Bei Gruppen ist eine Teilnehmerliste erforderlich, <strong><a href=\"https:\/\/www.fkasyl.de\/?page_id=1707\">Formular Teilnehmerliste<\/a><\/strong> .<\/p>\n\n\n\n<p><strong>Rechnungen<\/strong> k\u00f6nnen digital als .pdf an <strong>dagmar.stuetzel-kaun(at)familiekaun.de<\/strong> gesendet werden und werden von uns direkt \u00fcberwiesen. <strong>Auslagen<\/strong> k\u00f6nnen \u00fcber das <a href=\"https:\/\/www.fkasyl.de\/?page_id=1707\"><strong>Formular &#8222;Erstattung von Auslagen&#8220;<\/strong> <\/a> beantragt werden. Belege wie Quittungen f\u00fcr Material, Eintritte f\u00fcr Zoo, Theater &#8230; m\u00fcssen im Original an  Frau St\u00fctzel-Kaun gesendet bzw. abgegeben werden.<\/p>\n\n\n\n<p><\/p>\n","protected":false},"excerpt":{"rendered":"<p>Wir nehmen gerne Ihre Spenden entgegen, um weiterhin helfen zu k\u00f6nnen und das Leben der Fl\u00fcchtlinge zu erleichtern und bedanken [&hellip;]<\/p>\n","protected":false},"author":16,"featured_media":0,"parent":0,"menu_order":0,"comment_status":"closed","ping_status":"closed","template":"page-fullwidth","meta":{"ngg_post_thumbnail":0,"footnotes":""},"class_list":["post-4337","page","type-page","status-publish","hentry"],"_links":{"self":[{"href":"https:\/\/www.fkasyl.de\/index.php?rest_route=\/wp\/v2\/pages\/4337","targetHints":{"allow":["GET"]}}],"collection":[{"href":"https:\/\/www.fkasyl.de\/index.php?rest_route=\/wp\/v2\/pages"}],"about":[{"href":"https:\/\/www.fkasyl.de\/index.php?rest_route=\/wp\/v2\/types\/page"}],"author":[{"embeddable":true,"href":"https:\/\/www.fkasyl.de\/index.php?rest_route=\/wp\/v2\/users\/16"}],"replies":[{"embeddable":true,"href":"https:\/\/www.fkasyl.de\/index.php?rest_route=%2Fwp%2Fv2%2Fcomments&post=4337"}],"version-history":[{"count":17,"href":"https:\/\/www.fkasyl.de\/index.php?rest_route=\/wp\/v2\/pages\/4337\/revisions"}],"predecessor-version":[{"id":4837,"href":"https:\/\/www.fkasyl.de\/index.php?rest_route=\/wp\/v2\/pages\/4337\/revisions\/4837"}],"wp:attachment":[{"href":"https:\/\/www.fkasyl.de\/index.php?rest_route=%2Fwp%2Fv2%2Fmedia&parent=4337"}],"curies":[{"name":"wp","href":"https:\/\/api.w.org\/{rel}","templated":true}]}}