{"id":4530,"date":"2022-12-10T10:30:25","date_gmt":"2022-12-10T09:30:25","guid":{"rendered":"https:\/\/www.fkasyl.de\/?page_id=4530"},"modified":"2023-03-10T10:22:25","modified_gmt":"2023-03-10T09:22:25","slug":"schwimmkurse","status":"publish","type":"page","link":"https:\/\/www.fkasyl.de\/?page_id=4530","title":{"rendered":"Schwimmkurse"},"content":{"rendered":"\n<div class=\"wp-block-columns is-layout-flex wp-container-core-columns-is-layout-28f84493 wp-block-columns-is-layout-flex\">\n<div class=\"wp-block-column is-layout-flow wp-block-column-is-layout-flow\" style=\"flex-basis:33.33%\">\n<figure class=\"wp-block-image size-large\"><img loading=\"lazy\" decoding=\"async\" width=\"1024\" height=\"601\" src=\"https:\/\/www.fkasyl.de\/wp-content\/uploads\/2022\/12\/Schwimmkurs-1-1024x601.jpg\" alt=\"\" class=\"wp-image-4534\" srcset=\"https:\/\/www.fkasyl.de\/wp-content\/uploads\/2022\/12\/Schwimmkurs-1-1024x601.jpg 1024w, https:\/\/www.fkasyl.de\/wp-content\/uploads\/2022\/12\/Schwimmkurs-1-300x176.jpg 300w, https:\/\/www.fkasyl.de\/wp-content\/uploads\/2022\/12\/Schwimmkurs-1-768x451.jpg 768w, https:\/\/www.fkasyl.de\/wp-content\/uploads\/2022\/12\/Schwimmkurs-1-1536x901.jpg 1536w, https:\/\/www.fkasyl.de\/wp-content\/uploads\/2022\/12\/Schwimmkurs-1-2048x1202.jpg 2048w, https:\/\/www.fkasyl.de\/wp-content\/uploads\/2022\/12\/Schwimmkurs-1-1304x765.jpg 1304w\" sizes=\"auto, (max-width: 1024px) 100vw, 1024px\" \/><\/figure>\n<\/div>\n\n\n\n<div class=\"wp-block-column is-layout-flow wp-block-column-is-layout-flow\" style=\"flex-basis:66.66%\">\n<p>Viel Spa\u00df hatten 6 Kinder aus gefl\u00fcchteten Familien, die mit finanzieller Unterst\u00fctzung des Rotary Clubs im Ditzinger Hallenbad einen Ferienschwimmkurs absolvieren durften. Die Kinder wurden an vier aufeinanderfolgenden Tagen von einem Mitglied des FK Asyl Gerlingen mit dem Auto von Gerlingen nach Ditzingen gebracht, dort betreut und auch wieder nach Hause gefahren. Eine erfahrene Schwimmlehrerin von den Wasserratten erteilte den Unterricht. In diesen 4 Tagen lernten die Kinder im Altern zwischen 5 und 10 Jahren nicht nur das Schwimmen, sondern auch das Springen. Jedes Kind durfte w\u00e4hlen, entweder vom Beckenrand oder vom Startblock oder sogar vom Einmeterbrett ins Wasser zu springen.<\/p>\n<\/div>\n<\/div>\n\n\n\n<p>Ganz wichtig auf dem Weg zum Schwimmen ist auch das Tauchen. Die Kinder mussten einen Ring aus dem schultertiefen Wasser hochholen. Da alle an Schwimmbrillen gew\u00f6hnt waren, war das \u00d6ffnen der Augen unter Wasser ohne Schwimmbrille eine gro\u00dfe Herausforderung.  Da vor und nach dem Schwimmkurs immer noch ausreichend Zeit zum Spielen im Wasser war, hatten die Kinder keinerlei Schwierigkeiten mit der Wassergew\u00f6hnung.<\/p>\n\n\n\n<p>Am Ende des Kurses gab es f\u00fcr alle einen Aufkleber von den Wasserratten Ditzingen und f\u00fcr 3 Kinder auch noch einen Frosch dazu. Der Weg \u201ebis nach Amerika\u201c durch das Nichtschwimmerbecken und noch das Schwimmerbecken war aber dann doch zu weit und verlangte den Kindern mehr Mut, Kraft und Durchhalteverm\u00f6gen ab, als sie in der Lage waren zu geben. So m\u00fcssen alle noch weiter \u00fcber, um das Seepferdchen zu erlangen.  <em><strong>Dagmar St\u00fctzel-Kaun<\/strong><\/em><\/p>\n\n\n\n<p><strong>Gut Ding will Weile haben &#8211;     Spende von Rotary erm\u00f6glicht Schwimmkurs<\/strong><\/p>\n\n\n\n<p>Endlich k\u00f6nnen die zwei syrischen Jungen, die seit Oktober letzten Jahres an einem Schwimmkurs teilnahmen, ihr Seepferdchen in H\u00e4nden halten. Die beiden mussten lange \u00fcben, um die 25-m-Strecke zu bew\u00e4ltigen ohne dabei zu viel Wasser zu schlucken. Die Kraft und die Ausdauer, die es braucht f\u00fcr diese Distanz, mussten sie sich hart erarbeiten. Das Springen ins Becken und das Tauchen war offensichtlich nicht so schwer, denn dies gelang ihnen schon sehr viel fr\u00fcher. Auch die Baderegeln lernten sie spielend. Nun werden die beiden auch ohne erwachsene Begleitperson das Schwimmbad besuchen k\u00f6nnen, worauf sie sich schon freuen. Durch die Corona-Beschr\u00e4nkungen lernten viele Kinder nicht mehr Schwimmen. Kinder mit Migrationshintergrund, deren Eltern oft selbst nicht schwimmen k\u00f6nnen, gerieten dabei noch mehr ins Hintertreffen. Eine gro\u00dfz\u00fcgige Spende des Rotary Clubs Leonberg-Weil der Stadt half, diesen Kurs zu finanzieren. Auch im Namen der Eltern sagt der FK Asyl ganz herzlichen Dank daf\u00fcr!&nbsp;<em><strong>Dagmar St\u00fctzel-Kaun<\/strong><\/em><\/p>\n","protected":false},"excerpt":{"rendered":"<p>Viel Spa\u00df hatten 6 Kinder aus gefl\u00fcchteten Familien, die mit finanzieller Unterst\u00fctzung des Rotary Clubs im Ditzinger Hallenbad einen Ferienschwimmkurs [&hellip;]<\/p>\n","protected":false},"author":16,"featured_media":0,"parent":0,"menu_order":0,"comment_status":"closed","ping_status":"closed","template":"page-fullwidth","meta":{"ngg_post_thumbnail":0,"footnotes":""},"class_list":["post-4530","page","type-page","status-publish","hentry"],"_links":{"self":[{"href":"https:\/\/www.fkasyl.de\/index.php?rest_route=\/wp\/v2\/pages\/4530","targetHints":{"allow":["GET"]}}],"collection":[{"href":"https:\/\/www.fkasyl.de\/index.php?rest_route=\/wp\/v2\/pages"}],"about":[{"href":"https:\/\/www.fkasyl.de\/index.php?rest_route=\/wp\/v2\/types\/page"}],"author":[{"embeddable":true,"href":"https:\/\/www.fkasyl.de\/index.php?rest_route=\/wp\/v2\/users\/16"}],"replies":[{"embeddable":true,"href":"https:\/\/www.fkasyl.de\/index.php?rest_route=%2Fwp%2Fv2%2Fcomments&post=4530"}],"version-history":[{"count":5,"href":"https:\/\/www.fkasyl.de\/index.php?rest_route=\/wp\/v2\/pages\/4530\/revisions"}],"predecessor-version":[{"id":4657,"href":"https:\/\/www.fkasyl.de\/index.php?rest_route=\/wp\/v2\/pages\/4530\/revisions\/4657"}],"wp:attachment":[{"href":"https:\/\/www.fkasyl.de\/index.php?rest_route=%2Fwp%2Fv2%2Fmedia&parent=4530"}],"curies":[{"name":"wp","href":"https:\/\/api.w.org\/{rel}","templated":true}]}}