{"id":53,"date":"2016-06-13T17:51:55","date_gmt":"2016-06-13T16:51:55","guid":{"rendered":"http:\/\/fkasyl.de\/?page_id=53"},"modified":"2025-07-24T15:31:18","modified_gmt":"2025-07-24T13:31:18","slug":"sachspendenlager","status":"publish","type":"page","link":"https:\/\/www.fkasyl.de\/?page_id=53","title":{"rendered":"Preiswerte Angebote"},"content":{"rendered":"\n<p><strong><span style=\"color: #ff0000;\">Aktuell gesucht: <\/span><\/strong>keine dringenden Anfragen vorhanden<span style=\"color: #ff0000;\"><\/span><\/p>\n\n\n\n<div class=\"wp-block-group is-layout-flow wp-block-group-is-layout-flow\">\n<p class=\"has-accent-color has-text-color has-link-color has-large-font-size wp-elements-c7e66bda845bf32366faa1b60a0a1baa\"><strong>FKAG:<\/strong> <strong>Sachspenden<\/strong> <strong>und Aktionen<\/strong>:im Moment gibt es keine Sachspendenaktionen<\/p>\n\n\n\n<p>Haben Sie M\u00f6bel, Elektroger\u00e4te, Kleidung f\u00fcr Kinder und Erwachsene, Spielzeug, Kinderb\u00fccher, Fahrr\u00e4der usw., die noch gut sind und die Sie verschenken m\u00f6chten? Oder brauchen Sie etwas? Der FKAG vermittelt es. Schreiben Sie an<strong><a href=\"mailto:sachspenden@fkasyl.de\"> sachspenden@fkasyl.de<\/a><\/strong>. Das Sachspendenteam wird dann mit Ihnen absprechen, was gerade gebraucht wird.<\/p>\n<\/div>\n\n\n\n<p><strong>Kleideraktionen<\/strong>: Zweimal j\u00e4hrlich findet eine gro\u00dfe Kleideraktion statt, im Fr\u00fchjahr und Herbst. Zuk\u00fcnftige Spendenaktionen geben wir rechtzeitig bekannt  \u00fcber unsere Webeite, im GAZ und Facebook. Wenn Sie etwas abgeben m\u00f6chten, schreiben Sie an: <a href=\"mailto:Kinderaktion@fkasyl.de\"><strong>Kinderaktion@fkasyl.de.<\/strong><\/a><strong>&nbsp; <\/strong><\/p>\n\n\n\n<p class=\"has-large-font-size\"><strong>G\u00fcnstig kaufen oder kostenlos abholen<\/strong><\/p>\n\n\n\n<p><strong>Nahrungsmittel, K\u00f6rperpflege usw. <\/strong><\/p>\n\n\n\n<p><a href=\"https:\/\/www.fkasyl.de\/wp-content\/uploads\/2021\/10\/Der-Tafelladen-in-Ditzingen.pdf\"><strong>Tafelladen Ditzingen<\/strong><\/a> &nbsp; G\u00fcnstig kaufen<\/p>\n\n\n\n<p><strong><a href=\"https:\/\/freefood-ev.de\/\">Freefood Gerlingen<\/a><\/strong> Kostenlose Lebensmittel Gerlingen, Bachstr. 13, Termine im Abholkalender<\/p>\n\n\n\n<p><strong><a href=\"https:\/\/www.drk-gerlingen.de\/ueber-uns\/kleiderladen.html\">Kleiderladen Gerlingen<\/a> &nbsp; &nbsp;<\/strong>G\u00fcnstige Kleidung f\u00fcr alle<\/p>\n\n\n\n<p><strong>Kleidung, Schuhe und vieles andere<\/strong><\/p>\n\n\n\n<ul class=\"wp-block-list\">\n<li><strong><a href=\"http:\/\/www.caritas-stuttgart.de\/shops-dienstleister\/fairkauf-2.handkaufhaus\/fairkauf-2.handkaufhaus\">Fairkauf (in Stuttgart-Feuerbach)<\/a> <\/strong><\/li>\n\n\n\n<li><strong><a href=\"http:\/\/dmzg.de\/index.php?option=com_content&amp;view=article&amp;id=98:gerlinger-anzeiger-und-gerlinger-bunte&amp;catid=38\">\u201eDie gute Tat\u201c im Gerlinger Anzeiger<\/a><\/strong><\/li>\n\n\n\n<li><strong><a href=\"http:\/\/www.ludwigsburg.abfallspiegel.de\/list.asp\">Internet-Gebrauchtwarenb\u00f6rse des Landkreises Ludwigsburg<\/a><\/strong><\/li>\n\n\n\n<li><strong><a href=\"http:\/\/www.warenwandel.de\/\">Warenwandel \u2013 Das Gebrauchtwarenhaus der AVL Ludwigsburg<\/a><\/strong><\/li>\n\n\n\n<li><strong><a href=\"http:\/\/ludwigsburg.helpto.de\/\">help.to \u2013 Hilfe-Portal f\u00fcr Fl\u00fcchtlinge &amp; Bed\u00fcrftige! :&nbsp;<\/a><\/strong> im Landkreis Ludwigsburg. Auf HelpTo k\u00f6nnen eigene Angebote eingestellt, auf Gesuche reagiert, interessante Initiativen gefunden werden und sich helfend einbringen. HelpTo bringt Hilfesuchende, engagierte B\u00fcrgerinnen und B\u00fcrger, Initiativen, Organisationen, Unternehmen und Kommunen zusammen.<\/li>\n<\/ul>\n","protected":false},"excerpt":{"rendered":"<p>Aktuell gesucht: keine dringenden Anfragen vorhanden FKAG: Sachspenden und Aktionen:im Moment gibt es keine Sachspendenaktionen Haben Sie M\u00f6bel, Elektroger\u00e4te, Kleidung [&hellip;]<\/p>\n","protected":false},"author":16,"featured_media":0,"parent":51,"menu_order":1,"comment_status":"closed","ping_status":"closed","template":"","meta":{"ngg_post_thumbnail":25,"footnotes":""},"class_list":["post-53","page","type-page","status-publish","hentry"],"_links":{"self":[{"href":"https:\/\/www.fkasyl.de\/index.php?rest_route=\/wp\/v2\/pages\/53","targetHints":{"allow":["GET"]}}],"collection":[{"href":"https:\/\/www.fkasyl.de\/index.php?rest_route=\/wp\/v2\/pages"}],"about":[{"href":"https:\/\/www.fkasyl.de\/index.php?rest_route=\/wp\/v2\/types\/page"}],"author":[{"embeddable":true,"href":"https:\/\/www.fkasyl.de\/index.php?rest_route=\/wp\/v2\/users\/16"}],"replies":[{"embeddable":true,"href":"https:\/\/www.fkasyl.de\/index.php?rest_route=%2Fwp%2Fv2%2Fcomments&post=53"}],"version-history":[{"count":48,"href":"https:\/\/www.fkasyl.de\/index.php?rest_route=\/wp\/v2\/pages\/53\/revisions"}],"predecessor-version":[{"id":4943,"href":"https:\/\/www.fkasyl.de\/index.php?rest_route=\/wp\/v2\/pages\/53\/revisions\/4943"}],"up":[{"embeddable":true,"href":"https:\/\/www.fkasyl.de\/index.php?rest_route=\/wp\/v2\/pages\/51"}],"wp:attachment":[{"href":"https:\/\/www.fkasyl.de\/index.php?rest_route=%2Fwp%2Fv2%2Fmedia&parent=53"}],"curies":[{"name":"wp","href":"https:\/\/api.w.org\/{rel}","templated":true}]}}