{"id":66,"date":"2016-06-13T18:29:16","date_gmt":"2016-06-13T17:29:16","guid":{"rendered":"http:\/\/fkasyl.de\/?page_id=66"},"modified":"2022-11-22T17:39:42","modified_gmt":"2022-11-22T16:39:42","slug":"paten-fuer-fluechtlinge-begleiter","status":"publish","type":"page","link":"https:\/\/www.fkasyl.de\/?page_id=66","title":{"rendered":"Begleiter*in f\u00fcr Gefl\u00fcchtete"},"content":{"rendered":"\n<p><span style=\"color: #ff0000;\">Alle Begleiter*innen werden intensiv von spezialisierten Mitgliedern der <a href=\"https:\/\/www.fkasyl.de\/wp-content\/uploads\/2021\/05\/Aufbau-Steuerungsgruppe-21.pdf\">Steuerungsgruppe<\/a> des FKAG unterst\u00fctzt!<\/span><\/p>\n\n\n\n<p class=\"has-large-font-size\"><a href=\"https:\/\/www.fkasyl.de\/?page_id=4176\"><span style=\"color: #ff0000;\"><strong><mark style=\"background-color:rgba(0, 0, 0, 0)\" class=\"has-inline-color has-primary-color\">Stellen Sie sich vor&#8230;<\/mark><\/strong><\/span><\/a><\/p>\n\n\n\n<p><strong>Begleiter*innen sind da sehr wichtig!<\/strong><\/p>\n\n\n\n<p>Sie k\u00f6nnen beim Eingew\u00f6hnen, Sich-Zurechtfinden im t\u00e4glichen Leben helfen.&nbsp; Sie k\u00f6nnen das Gef\u00fchl vermitteln, willkommen zu sein. Sie trinken mit den &#8222;neuen Nachbarn&#8220; Tee, zeigen ihnen, wie man in Gerlingen lebt, gehen mit ihnen einkaufen und Bankgesch\u00e4fte t\u00e4tigen, spielen mit ihren Kindern oder begleiten sie in die Schule. Hausaufgabenbetreuung, Begleitung bei Arztbesuchen, Sprachf\u00f6rderung f\u00fcr Erwachsene und Kinder: all das k\u00f6nnen sie \u00fcbernehmen. Einige haben sich bereits auf Asylrecht, Bildung oder Arbeits- und Wohnungssuche spezialisiert.<\/p>\n\n\n\n<p><strong>Nat\u00fcrlich leistet nicht ein Begleiter \/ eine Begleiterin alles auf einmal!<\/strong><\/p>\n\n\n\n<p>Jede\/r beteiligt sich, wie es ihm \/ ihr m\u00f6glich ist: von einem Spaziergang oder Kaffest\u00fcndchen in der Woche bis zu einer intensiven Betreuung ist alles denkbar. Sie k\u00f6nnen sich auf ein Arbeitsgebiet, z.B. Sprachpate, beschr\u00e4nken oder Verschiedenes \u00fcbernehmen.<\/p>\n\n\n\n<p>Sollten Sie jetzt Lust haben, sich auch zu engagieren, so k\u00f6nnen Sie sich gern an die Steuerungsgruppe <strong><a href=\"mailto:info@fkasyl.de\">info@fkasyl.de<\/a><\/strong><\/p>\n\n\n\n<p><strong>Informationen f\u00fcr Begleiter*innen auf unserer Website:<\/strong><\/p>\n\n\n\n<p><a href=\"https:\/\/www.fkasyl.de\/?page_id=1704\"><strong>Fortbildung &#8211; Beratung &#8211; Informationen f\u00fcr Ehrenamtliche<\/strong><\/a><\/p>\n\n\n\n<p><a href=\"https:\/\/www.fkasyl.de\/?page_id=1319\"><strong>Angebote:<\/strong><\/a> Regionale Kurse. Vereine, Freizeit, Begegnung usw.<\/p>\n\n\n\n<p><strong><a href=\"https:\/\/www.fkasyl.de\/?page_id=1668\">Infos und Material<\/a><\/strong><\/p>\n\n\n\n<p class=\"has-large-font-size\"><a href=\"https:\/\/www.fkasyl.de\/wp-content\/uploads\/2018\/01\/171011patenschaft-fluechtlinge_A4.pdf\"><strong>Brosch\u00fcre Informationen zur Begleitung \/ Patenschaft<\/strong><\/a><\/p>\n","protected":false},"excerpt":{"rendered":"<p>Alle Begleiter*innen werden intensiv von spezialisierten Mitgliedern der Steuerungsgruppe des FKAG unterst\u00fctzt! Stellen Sie sich vor&#8230; Begleiter*innen sind da sehr [&hellip;]<\/p>\n","protected":false},"author":16,"featured_media":0,"parent":51,"menu_order":3,"comment_status":"closed","ping_status":"closed","template":"","meta":{"ngg_post_thumbnail":0,"footnotes":""},"class_list":["post-66","page","type-page","status-publish","hentry"],"_links":{"self":[{"href":"https:\/\/www.fkasyl.de\/index.php?rest_route=\/wp\/v2\/pages\/66","targetHints":{"allow":["GET"]}}],"collection":[{"href":"https:\/\/www.fkasyl.de\/index.php?rest_route=\/wp\/v2\/pages"}],"about":[{"href":"https:\/\/www.fkasyl.de\/index.php?rest_route=\/wp\/v2\/types\/page"}],"author":[{"embeddable":true,"href":"https:\/\/www.fkasyl.de\/index.php?rest_route=\/wp\/v2\/users\/16"}],"replies":[{"embeddable":true,"href":"https:\/\/www.fkasyl.de\/index.php?rest_route=%2Fwp%2Fv2%2Fcomments&post=66"}],"version-history":[{"count":17,"href":"https:\/\/www.fkasyl.de\/index.php?rest_route=\/wp\/v2\/pages\/66\/revisions"}],"predecessor-version":[{"id":4388,"href":"https:\/\/www.fkasyl.de\/index.php?rest_route=\/wp\/v2\/pages\/66\/revisions\/4388"}],"up":[{"embeddable":true,"href":"https:\/\/www.fkasyl.de\/index.php?rest_route=\/wp\/v2\/pages\/51"}],"wp:attachment":[{"href":"https:\/\/www.fkasyl.de\/index.php?rest_route=%2Fwp%2Fv2%2Fmedia&parent=66"}],"curies":[{"name":"wp","href":"https:\/\/api.w.org\/{rel}","templated":true}]}}