{"id":70,"date":"2016-06-13T18:30:30","date_gmt":"2016-06-13T17:30:30","guid":{"rendered":"http:\/\/fkasyl.de\/?page_id=70"},"modified":"2022-11-23T09:52:59","modified_gmt":"2022-11-23T08:52:59","slug":"kontakt","status":"publish","type":"page","link":"https:\/\/www.fkasyl.de\/?page_id=70","title":{"rendered":"Kontakt"},"content":{"rendered":"<p><strong>Sie k\u00f6nnen das Formular am Ende dieser Seite ausf\u00fcllen oder die Adresse der entsprechenden Arbeitsgruppe anschreiben: <\/strong><\/p>\n<p><strong>Steuerungsgruppe: <a href=\"mailto:info@fkasyl.de\">info@fkasyl.de<\/a><\/strong>, wenn es um wichtige Fragen geht, \u00fcber die alle Mitglieder der Steuerungsgruppe informiert sein sollten, oder wenn keine der anderen Adressen zu Ihrem Anliegen passt.<\/p>\n<p><strong>Deutschkurse Leitung:<\/strong> <a href=\"mailto:deutschkurse@fkasyl.de\"><strong>deutschkurse@fkasyl.de<\/strong><\/a>,&nbsp; wenn&#8217;s um Sprache geht!<\/p>\n<p><strong>Sachspenden:<\/strong> <a href=\"mailto:sachspenden@fkasyl.de\"><strong>sachspenden@fkasyl.de<\/strong><\/a>, wenn Sie Sachspenden wie M\u00f6bel u. \u00e4. anbieten m\u00f6chten. Eine zweite Adresse wurde neu eingerichtet f\u00fcr spezielle Aktionen zur Verteilung von Kinderkleidung und -spielzeug, R\u00e4dern usw.: <strong><a href=\"mailto:Kinderaktion@fkasyl.de\">Kinderaktion@fkasyl.de<\/a><\/strong>.<\/p>\n<div class=\"caldera-grid\" id=\"caldera_form_1\" data-cf-ver=\"1.9.6\" data-cf-form-id=\"CF578d42e7f1ea3\"><div id=\"caldera_notices_1\" data-spinner=\"https:\/\/www.fkasyl.de\/wp-admin\/images\/spinner.gif\"><\/div><form data-instance=\"1\" class=\"CF578d42e7f1ea3 caldera_forms_form cfajax-trigger\" method=\"POST\" enctype=\"multipart\/form-data\" id=\"CF578d42e7f1ea3_1\" data-form-id=\"CF578d42e7f1ea3\" aria-label=\"Kontaktformular\" data-target=\"#caldera_notices_1\" data-template=\"#cfajax_CF578d42e7f1ea3-tmpl\" data-cfajax=\"CF578d42e7f1ea3\" data-load-element=\"_parent\" data-load-class=\"cf_processing\" data-post-disable=\"0\" data-action=\"cf_process_ajax_submit\" data-request=\"https:\/\/www.fkasyl.de\/?cf_api=CF578d42e7f1ea3\" data-hiderows=\"true\">\r\n<input type=\"hidden\" id=\"_cf_verify_CF578d42e7f1ea3\" name=\"_cf_verify\" value=\"d82c8361ef\"  data-nonce-time=\"1776565306\" \/><input type=\"hidden\" name=\"_wp_http_referer\" value=\"\/index.php?rest_route=%2Fwp%2Fv2%2Fpages%2F70\" \/><div id=\"cf2-CF578d42e7f1ea3_1\"><\/div><input type=\"hidden\" name=\"_cf_frm_id\" value=\"CF578d42e7f1ea3\">\r\n<input type=\"hidden\" name=\"_cf_frm_ct\" value=\"1\">\r\n<input type=\"hidden\" name=\"cfajax\" value=\"CF578d42e7f1ea3\">\r\n<input type=\"hidden\" name=\"_cf_cr_pst\" value=\"70\">\r\n<div class=\"hide\" style=\"display:none; overflow:hidden;height:0;width:0;\">\r\n<label>Url<\/label><input type=\"text\" name=\"url\" value=\"\" autocomplete=\"off\">\r\n<\/div><div id=\"CF578d42e7f1ea3_1-row-1\"  class=\"row  first_row\"><div  class=\"col-sm-12  single\"><div class=\"\"><h2>Kontaktinformationen<\/h2>\n<p>Bitte geben Sie Ihre Kontaktdaten ein, damit wir uns bei Ihnen melden k\u00f6nnen.<\/p>\n<hr>\n<\/div><\/div><\/div><div id=\"CF578d42e7f1ea3_1-row-2\"  class=\"row \"><div  class=\"col-sm-6  first_col\"><div data-field-wrapper=\"fld_8768091\" class=\"form-group\" id=\"fld_8768091_1-wrap\">\r\n\t<label id=\"fld_8768091Label\" for=\"fld_8768091_1\" class=\"control-label\">Vorname <span aria-hidden=\"true\" role=\"presentation\" class=\"field_required\" style=\"color:#ee0000;\">*<\/span><\/label>\r\n\t<div class=\"\">\r\n\t\t<input   required type=\"text\" data-field=\"fld_8768091\" class=\" form-control\" id=\"fld_8768091_1\" name=\"fld_8768091\" value=\"\" data-type=\"text\" aria-required=\"true\"   aria-labelledby=\"fld_8768091Label\" >\t\t\t<\/div>\r\n<\/div>\r\n<div data-field-wrapper=\"fld_9970286\" class=\"form-group\" id=\"fld_9970286_1-wrap\">\r\n\t<label id=\"fld_9970286Label\" for=\"fld_9970286_1\" class=\"control-label\">Nachname <span aria-hidden=\"true\" role=\"presentation\" class=\"field_required\" style=\"color:#ee0000;\">*<\/span><\/label>\r\n\t<div class=\"\">\r\n\t\t<input   required type=\"text\" data-field=\"fld_9970286\" class=\" form-control\" id=\"fld_9970286_1\" name=\"fld_9970286\" value=\"\" data-type=\"text\" aria-required=\"true\"   aria-labelledby=\"fld_9970286Label\" >\t\t\t<\/div>\r\n<\/div>\r\n<div data-field-wrapper=\"fld_6009157\" class=\"form-group\" id=\"fld_6009157_1-wrap\">\r\n\t<label id=\"fld_6009157Label\" for=\"fld_6009157_1\" class=\"control-label\">Email-Adresse <span aria-hidden=\"true\" role=\"presentation\" class=\"field_required\" style=\"color:#ee0000;\">*<\/span><\/label>\r\n\t<div class=\"\">\r\n\t\t<input   required type=\"email\" data-field=\"fld_6009157\" class=\" form-control\" id=\"fld_6009157_1\" name=\"fld_6009157\" value=\"\" data-type=\"email\" aria-required=\"true\"   aria-labelledby=\"fld_6009157Label\" >\t\t\t<\/div>\r\n<\/div>\r\n<\/div><div  class=\"col-sm-6  last_col\"><\/div><\/div><div id=\"CF578d42e7f1ea3_1-row-3\"  class=\"row \"><div  class=\"col-sm-12  single\"><div class=\"\"><h2>Wie k\u00f6nnen wir Ihnen weiterhelfen?<\/h2>\n<p>Stellen Sie uns eine Frage oder hinterlassen Sie einfach einen Kommentar.<\/p>\n<hr>\n<\/div><\/div><\/div><div id=\"CF578d42e7f1ea3_1-row-4\"  class=\"row \"><div  class=\"col-sm-12  single\"><div data-field-wrapper=\"fld_7683514\" class=\"form-group\" id=\"fld_7683514_1-wrap\">\r\n\t<label id=\"fld_7683514Label\" for=\"fld_7683514_1\" class=\"control-label\">Ihr Kommentar \/ Ihre Frage <span aria-hidden=\"true\" role=\"presentation\" class=\"field_required\" style=\"color:#ee0000;\">*<\/span><\/label>\r\n\t<div class=\"\">\r\n\t\t<textarea name=\"fld_7683514\" value=\"\" data-field=\"fld_7683514\" class=\"form-control\" id=\"fld_7683514_1\" rows=\"7\"  required=\"required\"  aria-labelledby=\"fld_7683514Label\" ><\/textarea>\n\t\t\t<\/div>\r\n<\/div>\r\n<\/div><\/div><div id=\"CF578d42e7f1ea3_1-row-5\"  class=\"row  last_row\"><div  class=\"col-sm-3  first_col\"><div data-field-wrapper=\"fld_7908577\" class=\"form-group\" id=\"fld_7908577_1-wrap\">\r\n<div class=\"\">\r\n\t<input  class=\"btn btn-default\" type=\"submit\" name=\"fld_7908577\" id=\"fld_7908577_1\" value=\"Formular absenden\" data-field=\"fld_7908577\"  >\n<\/div>\r\n<\/div>\r\n\t<input class=\"button_trigger_1\" type=\"hidden\" name=\"fld_7908577\" id=\"fld_7908577_1_btn\" value=\"\" data-field=\"fld_7908577\"  \/>\n<\/div><div  class=\"col-sm-5 \"><div data-field-wrapper=\"fld_8387077\" class=\"form-group\" id=\"fld_8387077_1-wrap\">\r\n<div class=\"\">\r\n\t<input  class=\"btn btn-default\" type=\"reset\" name=\"fld_8387077\" id=\"fld_8387077_1\" value=\"Zur\u00fccksetzen\" data-field=\"fld_8387077\"  >\n<\/div>\r\n<\/div>\r\n\t<input class=\"button_trigger_1\" type=\"hidden\" name=\"fld_8387077\" id=\"fld_8387077_1_btn\" value=\"\" data-field=\"fld_8387077\"  \/>\n<\/div><div  class=\"col-sm-4  last_col\"><\/div><\/div><\/form>\r\n<\/div>\r\n\n","protected":false},"excerpt":{"rendered":"<p>Sie k\u00f6nnen das Formular am Ende dieser Seite ausf\u00fcllen oder die Adresse der entsprechenden Arbeitsgruppe anschreiben: Steuerungsgruppe: info@fkasyl.de, wenn es [&hellip;]<\/p>\n","protected":false},"author":16,"featured_media":0,"parent":0,"menu_order":1,"comment_status":"closed","ping_status":"closed","template":"","meta":{"ngg_post_thumbnail":0,"footnotes":""},"class_list":["post-70","page","type-page","status-publish","hentry"],"_links":{"self":[{"href":"https:\/\/www.fkasyl.de\/index.php?rest_route=\/wp\/v2\/pages\/70","targetHints":{"allow":["GET"]}}],"collection":[{"href":"https:\/\/www.fkasyl.de\/index.php?rest_route=\/wp\/v2\/pages"}],"about":[{"href":"https:\/\/www.fkasyl.de\/index.php?rest_route=\/wp\/v2\/types\/page"}],"author":[{"embeddable":true,"href":"https:\/\/www.fkasyl.de\/index.php?rest_route=\/wp\/v2\/users\/16"}],"replies":[{"embeddable":true,"href":"https:\/\/www.fkasyl.de\/index.php?rest_route=%2Fwp%2Fv2%2Fcomments&post=70"}],"version-history":[{"count":12,"href":"https:\/\/www.fkasyl.de\/index.php?rest_route=\/wp\/v2\/pages\/70\/revisions"}],"predecessor-version":[{"id":4398,"href":"https:\/\/www.fkasyl.de\/index.php?rest_route=\/wp\/v2\/pages\/70\/revisions\/4398"}],"wp:attachment":[{"href":"https:\/\/www.fkasyl.de\/index.php?rest_route=%2Fwp%2Fv2%2Fmedia&parent=70"}],"curies":[{"name":"wp","href":"https:\/\/api.w.org\/{rel}","templated":true}]}}