{"id":87,"date":"2016-06-13T18:37:31","date_gmt":"2016-06-13T17:37:31","guid":{"rendered":"http:\/\/fkasyl.de\/?page_id=87"},"modified":"2018-12-22T16:21:40","modified_gmt":"2018-12-22T15:21:40","slug":"gastfamilie","status":"publish","type":"page","link":"https:\/\/www.fkasyl.de\/?page_id=87","title":{"rendered":"Gastfamilie"},"content":{"rendered":"<p><span style=\"font-size: large;\"><b>Gastfamilien f\u00fcr unbegleitete minderj\u00e4hrige Fl\u00fcchtlinge gesucht<\/b><\/span><\/p>\n<p>Liebe Mitb\u00fcrgerinnen und Mitb\u00fcrger,<br \/>\nsehr geehrte Damen und Herren,<\/p>\n<p>Bestimmt haben Sie aus den Medien bereits erfahren, dass immer mehr Kinder und Jugendliche aus Kriegs-und Krisengebieten ohne Eltern nach Deutschland fl\u00fcchten. Auch im Landkreis Ludwigsburg kommen seit diesen Jahr immer mehr unbegleitete minderj\u00e4hrige Fl\u00fcchtlinge an. Die Mehrzahl der unbegleiteten minderj\u00e4hrigen Fl\u00fcchtlinge ist zwischen 14 und 17 Jahren alt. Sie haben den gro\u00dfen Wunsch, einen Schulabschluss zu machen oder einen Beruf zu erlernen. Diese Kinder und Jugendlichen haben zum Teil ihre Angeh\u00f6rigen im Krieg oder auf der Flucht verloren oder sie werden alleine von ihren Familien nach Europa geschickt. Sie ben\u00f6tigen Unterst\u00fctzung und Begleitung.<\/p>\n<p>Sie brauchen in erster Linie Menschen, die sich verst\u00e4ndnisvoll um sie k\u00fcmmern, die ihnen Hilfestellung geben bei der Orientierung in einer ihnen v\u00f6llig fremden Kultur, beim Erlernen der deutschen Sprache, bei Schulangelegenheiten und beim Kontakt mit Beh\u00f6rden.<\/p>\n<p>Familien sind ein guter Ort f\u00fcr diese jungen Menschen, um hier anzukommen, die Sprache zu erlernen, neue Freunde zu finden und sich hier zu integrieren. Mit ihrem ethnischen und kulturellen Hintergrund bereichern sie auch unsere Gesellschaft und jede Familie, die f\u00fcr sie aufgeschlossen ist.<\/p>\n<p>Das Jugendamt des Landkreises Ludwigsburg sucht deshalb Familien, Lebensgemeinschaften oder Einzelpersonen, die bereit sind, als Gastfamilie einen solchen jungen Menschen aufzunehmen. <span style=\"color: #000000;\">Wenn Sie sich hier engagieren wollen und einen jungen Menschen aufnehmen w\u00fcrden, <\/span><span style=\"color: #000000;\">dann melden Sie sich bitte bei uns. <\/span><span style=\"color: #000000;\">Wir bereiten Sie auf diese Aufgabe vor. Sie erhalten Unterst\u00fctzung, Begleitung und Beratung durch das Jugendamt. Sie k\u00f6nnen sich mit anderen Pflegeeltern austauschen. Sie erhalten ein Pflegegeld, das die Kosten f\u00fcr Kleidung, Nahrung, Wohnung und Ihre erzieherische und pflegerische Arbeit verg\u00fctet. <\/span><span style=\"color: #000000;\">Unser Pflegekinderdienst vereinbart sehr gerne einen Termin mit Ihnen, um in einem pers\u00f6nlichen Gespr\u00e4ch Ihre Fragen zu beantworten. Bitte wenden Sie sich an die Mitarbeiterinnen unter folgenden Telefonnummern:<\/span><\/p>\n<p>Frau Wi\u00dfmann-H\u00e4hnle: 07141 144-2533<\/p>\n<p>Frau Hagmann: 07141 144-2532<\/p>\n<p>Frau Romer: 07141 144-2718<\/p>\n<p>Wir freuen uns auf Ihre Antwort!<\/p>\n<p>Mit freundlichen Gr\u00fc\u00dfen<\/p>\n<p>Roland St\u00e4b<br \/>\nLeiter Fachbereich Jugendhilfe \u2013 Soziale Dienste<br \/>\nLandratsamt Ludwigsburg<\/p>\n","protected":false},"excerpt":{"rendered":"<p>Gastfamilien f\u00fcr unbegleitete minderj\u00e4hrige Fl\u00fcchtlinge gesucht Liebe Mitb\u00fcrgerinnen und Mitb\u00fcrger, sehr geehrte Damen und Herren, Bestimmt haben Sie aus den [&hellip;]<\/p>\n","protected":false},"author":16,"featured_media":0,"parent":57,"menu_order":3,"comment_status":"closed","ping_status":"closed","template":"","meta":{"ngg_post_thumbnail":0,"footnotes":""},"class_list":["post-87","page","type-page","status-publish","hentry"],"_links":{"self":[{"href":"https:\/\/www.fkasyl.de\/index.php?rest_route=\/wp\/v2\/pages\/87","targetHints":{"allow":["GET"]}}],"collection":[{"href":"https:\/\/www.fkasyl.de\/index.php?rest_route=\/wp\/v2\/pages"}],"about":[{"href":"https:\/\/www.fkasyl.de\/index.php?rest_route=\/wp\/v2\/types\/page"}],"author":[{"embeddable":true,"href":"https:\/\/www.fkasyl.de\/index.php?rest_route=\/wp\/v2\/users\/16"}],"replies":[{"embeddable":true,"href":"https:\/\/www.fkasyl.de\/index.php?rest_route=%2Fwp%2Fv2%2Fcomments&post=87"}],"version-history":[{"count":5,"href":"https:\/\/www.fkasyl.de\/index.php?rest_route=\/wp\/v2\/pages\/87\/revisions"}],"predecessor-version":[{"id":2779,"href":"https:\/\/www.fkasyl.de\/index.php?rest_route=\/wp\/v2\/pages\/87\/revisions\/2779"}],"up":[{"embeddable":true,"href":"https:\/\/www.fkasyl.de\/index.php?rest_route=\/wp\/v2\/pages\/57"}],"wp:attachment":[{"href":"https:\/\/www.fkasyl.de\/index.php?rest_route=%2Fwp%2Fv2%2Fmedia&parent=87"}],"curies":[{"name":"wp","href":"https:\/\/api.w.org\/{rel}","templated":true}]}}

<p><span style="font-size: large;"><b>Gastfamilien für unbegleitete minderjährige Flüchtlinge gesucht</b></span></p>
<p>Liebe Mitbürgerinnen und Mitbürger,<br />
sehr geehrte Damen und Herren,</p>
<p>Bestimmt haben Sie aus den Medien bereits erfahren, dass immer mehr Kinder und Jugendliche aus Kriegs-und Krisengebieten ohne Eltern nach Deutschland flüchten. Auch im Landkreis Ludwigsburg kommen seit diesen Jahr immer mehr unbegleitete minderjährige Flüchtlinge an. Die Mehrzahl der unbegleiteten minderjährigen Flüchtlinge ist zwischen 14 und 17 Jahren alt. Sie haben den großen Wunsch, einen Schulabschluss zu machen oder einen Beruf zu erlernen. Diese Kinder und Jugendlichen haben zum Teil ihre Angehörigen im Krieg oder auf der Flucht verloren oder sie werden alleine von ihren Familien nach Europa geschickt. Sie benötigen Unterstützung und Begleitung.</p>
<p>Sie brauchen in erster Linie Menschen, die sich verständnisvoll um sie kümmern, die ihnen Hilfestellung geben bei der Orientierung in einer ihnen völlig fremden Kultur, beim Erlernen der deutschen Sprache, bei Schulangelegenheiten und beim Kontakt mit Behörden.</p>
<p>Familien sind ein guter Ort für diese jungen Menschen, um hier anzukommen, die Sprache zu erlernen, neue Freunde zu finden und sich hier zu integrieren. Mit ihrem ethnischen und kulturellen Hintergrund bereichern sie auch unsere Gesellschaft und jede Familie, die für sie aufgeschlossen ist.</p>
<p>Das Jugendamt des Landkreises Ludwigsburg sucht deshalb Familien, Lebensgemeinschaften oder Einzelpersonen, die bereit sind, als Gastfamilie einen solchen jungen Menschen aufzunehmen. <span style="color: #000000;">Wenn Sie sich hier engagieren wollen und einen jungen Menschen aufnehmen würden, </span><span style="color: #000000;">dann melden Sie sich bitte bei uns. </span><span style="color: #000000;">Wir bereiten Sie auf diese Aufgabe vor. Sie erhalten Unterstützung, Begleitung und Beratung durch das Jugendamt. Sie können sich mit anderen Pflegeeltern austauschen. Sie erhalten ein Pflegegeld, das die Kosten für Kleidung, Nahrung, Wohnung und Ihre erzieherische und pflegerische Arbeit vergütet. </span><span style="color: #000000;">Unser Pflegekinderdienst vereinbart sehr gerne einen Termin mit Ihnen, um in einem persönlichen Gespräch Ihre Fragen zu beantworten. Bitte wenden Sie sich an die Mitarbeiterinnen unter folgenden Telefonnummern:</span></p>
<p>Frau Wißmann-Hähnle: 07141 144-2533</p>
<p>Frau Hagmann: 07141 144-2532</p>
<p>Frau Romer: 07141 144-2718</p>
<p>Wir freuen uns auf Ihre Antwort!</p>
<p>Mit freundlichen Grüßen</p>
<p>Roland Stäb<br />
Leiter Fachbereich Jugendhilfe – Soziale Dienste<br />
Landratsamt Ludwigsburg</p>

<p>Gastfamilien für unbegleitete minderjährige Flüchtlinge gesucht Liebe Mitbürgerinnen und Mitbürger, sehr geehrte Damen und Herren, Bestimmt haben Sie aus den [&hellip;]</p>
